{"id":13523,"date":"2025-07-30T09:16:59","date_gmt":"2025-07-30T07:16:59","guid":{"rendered":"https:\/\/www.claus-von-stauffenberg-schule.de\/?page_id=13523"},"modified":"2025-07-30T09:17:00","modified_gmt":"2025-07-30T07:17:00","slug":"artenreich-ag","status":"publish","type":"page","link":"https:\/\/www.claus-von-stauffenberg-schule.de\/?page_id=13523","title":{"rendered":"Artenreich AG"},"content":{"rendered":"\n<p>In unserer Artenreich-AG dreht sich alles um Natur. Wir beobachten Tiere und Pflanzen, legen kleine Biotope an und besch\u00e4ftigen uns mit verschiedenen \u00f6kologischen Themen. Besonders k\u00fcmmern wir uns um unsere Bienenv\u00f6lker, die es uns erm\u00f6glichen, unseren eigenen Honig herzustellen. All das tun wir, um die Artenvielfalt und Biodiversit\u00e4t an unserer Schule zu erh\u00f6hen.<\/p>\n\n\n\n<p>F\u00fcr das n\u00e4chste Schuljahr planen wir weitere spannende Projekte, wie die Installation einer Regentonne f\u00fcr unsere eigene Wasserversorgung, den Bau von Nistk\u00e4sten und Insektenhotels, den Anbau eines Apfelbaumes oder verschiedener Beerenstr\u00e4ucher, sowie einen Besuch im NaBu-Garten.&nbsp;<\/p>\n\n\n\n<p>Wenn du an der Gestaltung einer gr\u00fcnen Schule, sowie an praktischer Arbeit im Freien interessiert bist, bist du bei uns genau richtig! Wir freuen uns auf jeden Interessierten und neue Ideen.<\/p>\n\n\n\n<figure class=\"wp-block-gallery has-nested-images columns-default is-cropped wp-block-gallery-1 is-layout-flex wp-block-gallery-is-layout-flex\">\n<figure class=\"wp-block-image size-large\"><a href=\"https:\/\/www.claus-von-stauffenberg-schule.de\/wp-content\/uploads\/2025\/07\/PHOTO-2025-05-15-13-42-37.jpeg\"><img loading=\"lazy\" decoding=\"async\" width=\"1024\" height=\"768\" data-id=\"13525\" src=\"https:\/\/www.claus-von-stauffenberg-schule.de\/wp-content\/uploads\/2025\/07\/PHOTO-2025-05-15-13-42-37-1024x768.jpeg\" alt=\"\" class=\"wp-image-13525\" srcset=\"https:\/\/www.claus-von-stauffenberg-schule.de\/wp-content\/uploads\/2025\/07\/PHOTO-2025-05-15-13-42-37-1024x768.jpeg 1024w, https:\/\/www.claus-von-stauffenberg-schule.de\/wp-content\/uploads\/2025\/07\/PHOTO-2025-05-15-13-42-37-300x225.jpeg 300w, https:\/\/www.claus-von-stauffenberg-schule.de\/wp-content\/uploads\/2025\/07\/PHOTO-2025-05-15-13-42-37-768x576.jpeg 768w, https:\/\/www.claus-von-stauffenberg-schule.de\/wp-content\/uploads\/2025\/07\/PHOTO-2025-05-15-13-42-37-1536x1152.jpeg 1536w, https:\/\/www.claus-von-stauffenberg-schule.de\/wp-content\/uploads\/2025\/07\/PHOTO-2025-05-15-13-42-37.jpeg 1600w\" sizes=\"auto, (max-width: 1024px) 100vw, 1024px\" \/><\/a><\/figure>\n\n\n\n<figure class=\"wp-block-image size-large\"><a href=\"https:\/\/www.claus-von-stauffenberg-schule.de\/wp-content\/uploads\/2025\/07\/IMG_0607-scaled.jpeg\"><img loading=\"lazy\" decoding=\"async\" width=\"768\" height=\"1024\" data-id=\"13526\" src=\"https:\/\/www.claus-von-stauffenberg-schule.de\/wp-content\/uploads\/2025\/07\/IMG_0607-768x1024.jpeg\" alt=\"\" class=\"wp-image-13526\" srcset=\"https:\/\/www.claus-von-stauffenberg-schule.de\/wp-content\/uploads\/2025\/07\/IMG_0607-768x1024.jpeg 768w, https:\/\/www.claus-von-stauffenberg-schule.de\/wp-content\/uploads\/2025\/07\/IMG_0607-225x300.jpeg 225w, https:\/\/www.claus-von-stauffenberg-schule.de\/wp-content\/uploads\/2025\/07\/IMG_0607-1152x1536.jpeg 1152w, https:\/\/www.claus-von-stauffenberg-schule.de\/wp-content\/uploads\/2025\/07\/IMG_0607-1536x2048.jpeg 1536w, https:\/\/www.claus-von-stauffenberg-schule.de\/wp-content\/uploads\/2025\/07\/IMG_0607-scaled.jpeg 1920w\" sizes=\"auto, (max-width: 768px) 100vw, 768px\" \/><\/a><\/figure>\n\n\n\n<figure class=\"wp-block-image size-large\"><a href=\"https:\/\/www.claus-von-stauffenberg-schule.de\/wp-content\/uploads\/2025\/07\/bfeb8827-e972-438a-89c7-fb072c63b06b.jpeg\"><img loading=\"lazy\" decoding=\"async\" width=\"576\" height=\"1024\" data-id=\"13524\" src=\"https:\/\/www.claus-von-stauffenberg-schule.de\/wp-content\/uploads\/2025\/07\/bfeb8827-e972-438a-89c7-fb072c63b06b-576x1024.jpeg\" alt=\"\" class=\"wp-image-13524\" srcset=\"https:\/\/www.claus-von-stauffenberg-schule.de\/wp-content\/uploads\/2025\/07\/bfeb8827-e972-438a-89c7-fb072c63b06b-576x1024.jpeg 576w, https:\/\/www.claus-von-stauffenberg-schule.de\/wp-content\/uploads\/2025\/07\/bfeb8827-e972-438a-89c7-fb072c63b06b-169x300.jpeg 169w, https:\/\/www.claus-von-stauffenberg-schule.de\/wp-content\/uploads\/2025\/07\/bfeb8827-e972-438a-89c7-fb072c63b06b-768x1365.jpeg 768w, https:\/\/www.claus-von-stauffenberg-schule.de\/wp-content\/uploads\/2025\/07\/bfeb8827-e972-438a-89c7-fb072c63b06b-864x1536.jpeg 864w, https:\/\/www.claus-von-stauffenberg-schule.de\/wp-content\/uploads\/2025\/07\/bfeb8827-e972-438a-89c7-fb072c63b06b.jpeg 1152w\" sizes=\"auto, (max-width: 576px) 100vw, 576px\" \/><\/a><\/figure>\n<\/figure>\n","protected":false},"excerpt":{"rendered":"<p>In unserer Artenreich-AG dreht sich alles um Natur. Wir beobachten Tiere und Pflanzen, legen kleine Biotope an und besch\u00e4ftigen uns mit verschiedenen \u00f6kologischen Themen. Besonders k\u00fcmmern wir uns um unsere Bienenv\u00f6lker, die es uns erm\u00f6glichen, unseren eigenen Honig herzustellen. All das tun wir, um die Artenvielfalt und Biodiversit\u00e4t an unserer [&hellip;]<\/p>\n","protected":false},"author":1,"featured_media":0,"parent":441,"menu_order":0,"comment_status":"closed","ping_status":"closed","template":"","meta":{"ngg_post_thumbnail":0,"_themeisle_gutenberg_block_has_review":false,"footnotes":""},"class_list":["post-13523","page","type-page","status-publish","hentry"],"_links":{"self":[{"href":"https:\/\/www.claus-von-stauffenberg-schule.de\/index.php?rest_route=\/wp\/v2\/pages\/13523","targetHints":{"allow":["GET"]}}],"collection":[{"href":"https:\/\/www.claus-von-stauffenberg-schule.de\/index.php?rest_route=\/wp\/v2\/pages"}],"about":[{"href":"https:\/\/www.claus-von-stauffenberg-schule.de\/index.php?rest_route=\/wp\/v2\/types\/page"}],"author":[{"embeddable":true,"href":"https:\/\/www.claus-von-stauffenberg-schule.de\/index.php?rest_route=\/wp\/v2\/users\/1"}],"replies":[{"embeddable":true,"href":"https:\/\/www.claus-von-stauffenberg-schule.de\/index.php?rest_route=%2Fwp%2Fv2%2Fcomments&post=13523"}],"version-history":[{"count":1,"href":"https:\/\/www.claus-von-stauffenberg-schule.de\/index.php?rest_route=\/wp\/v2\/pages\/13523\/revisions"}],"predecessor-version":[{"id":13527,"href":"https:\/\/www.claus-von-stauffenberg-schule.de\/index.php?rest_route=\/wp\/v2\/pages\/13523\/revisions\/13527"}],"up":[{"embeddable":true,"href":"https:\/\/www.claus-von-stauffenberg-schule.de\/index.php?rest_route=\/wp\/v2\/pages\/441"}],"wp:attachment":[{"href":"https:\/\/www.claus-von-stauffenberg-schule.de\/index.php?rest_route=%2Fwp%2Fv2%2Fmedia&parent=13523"}],"curies":[{"name":"wp","href":"https:\/\/api.w.org\/{rel}","templated":true}]}}

<p>In unserer Artenreich-AG dreht sich alles um Natur. Wir beobachten Tiere und Pflanzen, legen kleine Biotope an und beschäftigen uns mit verschiedenen ökologischen Themen. Besonders kümmern wir uns um unsere Bienenvölker, die es uns ermöglichen, unseren eigenen Honig herzustellen. All das tun wir, um die Artenvielfalt und Biodiversität an unserer Schule zu erhöhen.</p>



<p>Für das nächste Schuljahr planen wir weitere spannende Projekte, wie die Installation einer Regentonne für unsere eigene Wasserversorgung, den Bau von Nistkästen und Insektenhotels, den Anbau eines Apfelbaumes oder verschiedener Beerensträucher, sowie einen Besuch im NaBu-Garten.&nbsp;</p>



<p>Wenn du an der Gestaltung einer grünen Schule, sowie an praktischer Arbeit im Freien interessiert bist, bist du bei uns genau richtig! Wir freuen uns auf jeden Interessierten und neue Ideen.</p>



<figure class="wp-block-gallery has-nested-images columns-default is-cropped wp-block-gallery-1 is-layout-flex wp-block-gallery-is-layout-flex">
<figure class="wp-block-image size-large"><a href="https://www.claus-von-stauffenberg-schule.de/wp-content/uploads/2025/07/PHOTO-2025-05-15-13-42-37.jpeg"><img loading="lazy" decoding="async" width="1024" height="768" data-id="13525" src="https://www.claus-von-stauffenberg-schule.de/wp-content/uploads/2025/07/PHOTO-2025-05-15-13-42-37-1024x768.jpeg" alt="" class="wp-image-13525" srcset="https://www.claus-von-stauffenberg-schule.de/wp-content/uploads/2025/07/PHOTO-2025-05-15-13-42-37-1024x768.jpeg 1024w, https://www.claus-von-stauffenberg-schule.de/wp-content/uploads/2025/07/PHOTO-2025-05-15-13-42-37-300x225.jpeg 300w, https://www.claus-von-stauffenberg-schule.de/wp-content/uploads/2025/07/PHOTO-2025-05-15-13-42-37-768x576.jpeg 768w, https://www.claus-von-stauffenberg-schule.de/wp-content/uploads/2025/07/PHOTO-2025-05-15-13-42-37-1536x1152.jpeg 1536w, https://www.claus-von-stauffenberg-schule.de/wp-content/uploads/2025/07/PHOTO-2025-05-15-13-42-37.jpeg 1600w" sizes="auto, (max-width: 1024px) 100vw, 1024px" /></a></figure>



<figure class="wp-block-image size-large"><a href="https://www.claus-von-stauffenberg-schule.de/wp-content/uploads/2025/07/IMG_0607-scaled.jpeg"><img loading="lazy" decoding="async" width="768" height="1024" data-id="13526" src="https://www.claus-von-stauffenberg-schule.de/wp-content/uploads/2025/07/IMG_0607-768x1024.jpeg" alt="" class="wp-image-13526" srcset="https://www.claus-von-stauffenberg-schule.de/wp-content/uploads/2025/07/IMG_0607-768x1024.jpeg 768w, https://www.claus-von-stauffenberg-schule.de/wp-content/uploads/2025/07/IMG_0607-225x300.jpeg 225w, https://www.claus-von-stauffenberg-schule.de/wp-content/uploads/2025/07/IMG_0607-1152x1536.jpeg 1152w, https://www.claus-von-stauffenberg-schule.de/wp-content/uploads/2025/07/IMG_0607-1536x2048.jpeg 1536w, https://www.claus-von-stauffenberg-schule.de/wp-content/uploads/2025/07/IMG_0607-scaled.jpeg 1920w" sizes="auto, (max-width: 768px) 100vw, 768px" /></a></figure>



<figure class="wp-block-image size-large"><a href="https://www.claus-von-stauffenberg-schule.de/wp-content/uploads/2025/07/bfeb8827-e972-438a-89c7-fb072c63b06b.jpeg"><img loading="lazy" decoding="async" width="576" height="1024" data-id="13524" src="https://www.claus-von-stauffenberg-schule.de/wp-content/uploads/2025/07/bfeb8827-e972-438a-89c7-fb072c63b06b-576x1024.jpeg" alt="" class="wp-image-13524" srcset="https://www.claus-von-stauffenberg-schule.de/wp-content/uploads/2025/07/bfeb8827-e972-438a-89c7-fb072c63b06b-576x1024.jpeg 576w, https://www.claus-von-stauffenberg-schule.de/wp-content/uploads/2025/07/bfeb8827-e972-438a-89c7-fb072c63b06b-169x300.jpeg 169w, https://www.claus-von-stauffenberg-schule.de/wp-content/uploads/2025/07/bfeb8827-e972-438a-89c7-fb072c63b06b-768x1365.jpeg 768w, https://www.claus-von-stauffenberg-schule.de/wp-content/uploads/2025/07/bfeb8827-e972-438a-89c7-fb072c63b06b-864x1536.jpeg 864w, https://www.claus-von-stauffenberg-schule.de/wp-content/uploads/2025/07/bfeb8827-e972-438a-89c7-fb072c63b06b.jpeg 1152w" sizes="auto, (max-width: 576px) 100vw, 576px" /></a></figure>
</figure>

<p>In unserer Artenreich-AG dreht sich alles um Natur. Wir beobachten Tiere und Pflanzen, legen kleine Biotope an und beschäftigen uns mit verschiedenen ökologischen Themen. Besonders kümmern wir uns um unsere Bienenvölker, die es uns ermöglichen, unseren eigenen Honig herzustellen. All das tun wir, um die Artenvielfalt und Biodiversität an unserer [&hellip;]</p>
