{"id":186,"date":"2012-02-24T20:54:50","date_gmt":"2012-02-24T20:54:50","guid":{"rendered":"http:\/\/wp.cvss.de\/?page_id=186"},"modified":"2016-04-21T13:29:27","modified_gmt":"2016-04-21T11:29:27","slug":"schulchronik","status":"publish","type":"page","link":"https:\/\/www.claus-von-stauffenberg-schule.de\/?page_id=186","title":{"rendered":"Schulchronik"},"content":{"rendered":"<table border=\"0\" width=\"486\" align=\"left\">\n<tbody>\n<tr>\n<td align=\"left\" valign=\"top\"><strong>Schulchronik<\/strong><\/td>\n<td rowspan=\"2\" align=\"right\" valign=\"middle\" height=\"100\"><\/td>\n<\/tr>\n<tr>\n<td align=\"left\" valign=\"top\" height=\"100\">\n<p align=\"justify\"><em>Die Geschichte der CvSS<\/em><br \/>\nIm Jahr 1978 entstand die Idee f\u00fcr eine gymnasiale Oberstufe (GOS) im Raum Rodgau. Noch im selben Jahr wurde diese beschlossen, denn \u201eBildung sollte nicht l\u00e4nger eine Frage von Kilometern sein!\u201c. Nach einigen Streitigkeiten zwischen Land und Kreis kam es im Juni 1980 dann zum ersten Spatenstich.<\/p>\n<\/td>\n<\/tr>\n<tr>\n<td colspan=\"2\" align=\"left\" valign=\"top\">\n<div align=\"justify\">\n<p>Nat\u00fcrlich war die Schule zum offiziellen Start im August des selben Jahres noch nicht bezugsf\u00e4hig. Die 74 Sch\u00fclerinnen und Sch\u00fcler wurden mit \u201eihren\u201c drei Lehrern provisorisch an der Georg \u2013 B\u00fcchner \u2013 Schule in J\u00fcgesheim untergebracht und in drei Pavillons unterrichtet. Nach vielen immer wieder verschobenen Umzugsdaten war es dann im November 1981 soweit: Die rund 200 Sch\u00fclerinnen und Sch\u00fcler konnten zusammen mit ihren Lehrern in die neue Schule in Dudenhofen \u00fcbersiedeln.<\/p>\n<div align=\"justify\">\n<table border=\"0\" width=\"100%\">\n<tbody>\n<tr>\n<td><\/td>\n<td width=\"4\"><\/td>\n<td valign=\"bottom\">\n<p align=\"left\"><strong>Der erste Spatenstich<\/strong><br \/>\nNach einigen Streitigkeiten zwischen Land und Kreis begann im Juni 1980 der Bau der CvSS.<\/p>\n<\/td>\n<\/tr>\n<\/tbody>\n<\/table>\n<\/div>\n<\/div>\n<div align=\"justify\">\n<p>Doch wer dachte, dass man sich jetzt nur um den Schulbetrieb k\u00fcmmern m\u00fcsste, hatte weit gefehlt. Der zweite Bauabschnitt (der 11er-Fl\u00fcgel) war schlie\u00dflich noch nicht fertig und die Schule wurde nur als GOS tituliert. Die Diskussion um Namen nahm im Verlauf ungeahnte Ausma\u00dfe an. Es wurden eifrig Vorschl\u00e4ge gesammelt. Neben Claus \u2013 von \u2013 Stauffenberg (von der CDU favorisiert) setzte man sich vor allem f\u00fcr Marie Curie und Martin Niem\u00f6ller (Kollegium und Sch\u00fclerschaft) ein.<\/p>\n<p>Vorschl\u00e4ge wie Donald Duck wurden bei dieser Diskussion nicht weiter ber\u00fccksichtigt. Wer sich letztlich durchsetzen konnte, ist offensichtlich. Durch die Mehrheit der CDU im Kreistag bekam die Schule ihren Namen. Wie lange diese Diskussion allerdings dauerte, zeigt sich an der Tatsache, dass die Zeugnisse des erste Abiturjahrgang (1983) noch keinen Schulnamen aufwiesen.<\/p>\n<p>Im Verlauf von einigen Jahren stellte sich heraus, dass im Umkreis nicht gen\u00fcgend Sporthallen f\u00fcr verschiedenen Sportkurse vorhanden waren. So kam es im M\u00e4rz 1985 zum Spatenstich f\u00fcr die 1986 fertiggestellte Sporthalle, die \u201eillegal\u201c nach dem Hausmeister Norbert \u2013 Eisner \u2013 Halle genannt wurde.<\/p>\n<p>1987 wurde zum ersten Mal ein Politiker zu einer Diskussionsrunde eingeladen. Dies wurde von den Sch\u00fclern begeistert aufgenommen und im Zuge \u00e4hnlicher Veranstaltungen besuchten unter anderem schon Wolfgang Gerhardt, Roland Koch und Joschka Fischer (sogar zweimal) die Schule.<\/p>\n<p>Dass unsere Schule aber auch auf anderen Gebieten erfolgreich ist, zeigen die \u201eJugend forscht\u201c &#8211; Sieger (1987) und die Gewinnerinnen der Titel \u201eMiss Hessen\u201c (1987), \u201eMiss Germany\u201c (1993) und \u201eGermanys next Topmodel\u201c (2008).<\/p>\n<\/div>\n<div align=\"justify\">Das neue Jahrtausend brachte einige Neuerungen mit sich: Im Jahr 2003 wurde der Austausch mit einer italienischen Schule (L\u2018 istituto di istruzione Marie-Curie) zu einer Schulpatenschaft ausgebaut und 2005 das 25-j\u00e4hrige Bestehen der CvSS gefeiert. Auch wenn der Claus-von-Stauffenberg-Schule mit den Feierlichkeiten ein Vierteljahrzehnt Best\u00e4ndigkeit bescheinigt wurde, bedeutete das doch keineswegs einen Stillstand. Vielleicht beste Beispiele hierf\u00fcr sind die komplette Vernetzung der Schule (2005), die Erneuerung der Computerausstattung (2006, 2009) und die Einrichtung eines Kompetenzzentrums f\u00fcr politische Bildung. Zudem erweiterte sich im Schuljahr 2007\/2008 das AG-Angebot f\u00fcr die Sch\u00fcler und Sch\u00fclerinnen, denn nun ist es m\u00f6glich, den Grundlehrgang der FFW an der CvSS zu absolvieren. Gekr\u00f6nt wurde diese Entwicklung mit den Auszeichnungen \u201eBeste Schule\u201c und \u201eSchule des Jahres\u201c in den Kategorien Schulklima und Berufsvorbereitung (2003, 2009). Da in den letzten Jahren die Sch\u00fclerzahlen stark anstiegen, wurde die Schule um einen Neubau erweitert und komplett saniert (2009). Trotzdem war\u00a0es im Zuge der Einf\u00fchrung von G8 ab 2010 notwendig, eine Dependance vor\u00fcbergehend in J\u00fcgesheim einzurichten, um die gro\u00dfe Anzahl der Sch\u00fcler und Sch\u00fclerinnen aufnehmen zu k\u00f6nnen.<\/div>\n<div align=\"justify\"><\/div>\n<div align=\"justify\">Inzwischen hat der Doppeljahrgang die Schule durchlaufen. Daher konnte die Dependance in J\u00fcgesheim wieder geschlossen werden. Wegen der nach wie vor hohen Anmeldezahlen gibt es, aus Kapazit\u00e4tsgr\u00fcnden, Wartelisten.<\/div>\n<div align=\"justify\"><\/div>\n<div align=\"justify\">Seit 2015\/16 hat die Claus-von-Stauffenberg-Schule eine neue Schulleitung: Schulleiterin ist Frau Emmerich, ihr Stellvertreter Herr Schulte-Sasse.<\/div>\n<\/td>\n<\/tr>\n<\/tbody>\n<\/table>\n","protected":false},"excerpt":{"rendered":"<p>Schulchronik Die Geschichte der CvSS Im Jahr 1978 entstand die Idee f\u00fcr eine gymnasiale Oberstufe (GOS) im Raum Rodgau. Noch im selben Jahr wurde diese beschlossen, denn \u201eBildung sollte nicht l\u00e4nger eine Frage von Kilometern sein!\u201c. Nach einigen Streitigkeiten zwischen Land und Kreis kam es im Juni 1980 dann zum [&hellip;]<\/p>\n","protected":false},"author":1,"featured_media":0,"parent":12,"menu_order":80,"comment_status":"closed","ping_status":"closed","template":"sidebar-page.php","meta":{"ngg_post_thumbnail":0,"_themeisle_gutenberg_block_has_review":false,"footnotes":""},"class_list":["post-186","page","type-page","status-publish","hentry"],"_links":{"self":[{"href":"https:\/\/www.claus-von-stauffenberg-schule.de\/index.php?rest_route=\/wp\/v2\/pages\/186","targetHints":{"allow":["GET"]}}],"collection":[{"href":"https:\/\/www.claus-von-stauffenberg-schule.de\/index.php?rest_route=\/wp\/v2\/pages"}],"about":[{"href":"https:\/\/www.claus-von-stauffenberg-schule.de\/index.php?rest_route=\/wp\/v2\/types\/page"}],"author":[{"embeddable":true,"href":"https:\/\/www.claus-von-stauffenberg-schule.de\/index.php?rest_route=\/wp\/v2\/users\/1"}],"replies":[{"embeddable":true,"href":"https:\/\/www.claus-von-stauffenberg-schule.de\/index.php?rest_route=%2Fwp%2Fv2%2Fcomments&post=186"}],"version-history":[{"count":6,"href":"https:\/\/www.claus-von-stauffenberg-schule.de\/index.php?rest_route=\/wp\/v2\/pages\/186\/revisions"}],"predecessor-version":[{"id":5560,"href":"https:\/\/www.claus-von-stauffenberg-schule.de\/index.php?rest_route=\/wp\/v2\/pages\/186\/revisions\/5560"}],"up":[{"embeddable":true,"href":"https:\/\/www.claus-von-stauffenberg-schule.de\/index.php?rest_route=\/wp\/v2\/pages\/12"}],"wp:attachment":[{"href":"https:\/\/www.claus-von-stauffenberg-schule.de\/index.php?rest_route=%2Fwp%2Fv2%2Fmedia&parent=186"}],"curies":[{"name":"wp","href":"https:\/\/api.w.org\/{rel}","templated":true}]}}