{"id":299,"date":"2012-03-23T18:14:49","date_gmt":"2012-03-23T18:14:49","guid":{"rendered":"http:\/\/wp.cvss.de\/?page_id=299"},"modified":"2024-08-18T17:24:59","modified_gmt":"2024-08-18T15:24:59","slug":"schulleitung-2","status":"publish","type":"page","link":"https:\/\/www.claus-von-stauffenberg-schule.de\/?page_id=299","title":{"rendered":"Schulleitung"},"content":{"rendered":"\n<p><\/p>\n\n\n\n<figure class=\"wp-block-image size-large is-resized is-style-rounded\"><a href=\"https:\/\/www.claus-von-stauffenberg-schule.de\/wp-content\/uploads\/2023\/10\/1868-scaled.jpg\"><img loading=\"lazy\" decoding=\"async\" width=\"1024\" height=\"681\" src=\"https:\/\/www.claus-von-stauffenberg-schule.de\/wp-content\/uploads\/2023\/10\/1868-1024x681.jpg\" alt=\"\" class=\"wp-image-12164\" style=\"width:517px;height:343px\" srcset=\"https:\/\/www.claus-von-stauffenberg-schule.de\/wp-content\/uploads\/2023\/10\/1868-1024x681.jpg 1024w, https:\/\/www.claus-von-stauffenberg-schule.de\/wp-content\/uploads\/2023\/10\/1868-300x200.jpg 300w, https:\/\/www.claus-von-stauffenberg-schule.de\/wp-content\/uploads\/2023\/10\/1868-768x511.jpg 768w, https:\/\/www.claus-von-stauffenberg-schule.de\/wp-content\/uploads\/2023\/10\/1868-1536x1022.jpg 1536w, https:\/\/www.claus-von-stauffenberg-schule.de\/wp-content\/uploads\/2023\/10\/1868-2048x1362.jpg 2048w, https:\/\/www.claus-von-stauffenberg-schule.de\/wp-content\/uploads\/2023\/10\/1868-360x240.jpg 360w\" sizes=\"auto, (max-width: 1024px) 100vw, 1024px\" \/><\/a><figcaption class=\"wp-element-caption\"><p style=\"text-align: center;\"><strong>Schulleiterin<\/strong><\/p><p style=\"text-align: center;\">Frau Dagmar Emmerich<\/p><\/figcaption><\/figure>\n\n\n\n<hr class=\"wp-block-separator has-alpha-channel-opacity\"\/>\n\n\n\n<figure class=\"wp-block-image size-large is-resized is-style-rounded\"><a href=\"https:\/\/www.claus-von-stauffenberg-schule.de\/wp-content\/uploads\/2023\/10\/1886-scaled.jpg\"><img loading=\"lazy\" decoding=\"async\" width=\"1024\" height=\"681\" src=\"https:\/\/www.claus-von-stauffenberg-schule.de\/wp-content\/uploads\/2023\/10\/1886-1024x681.jpg\" alt=\"\" class=\"wp-image-12166\" style=\"width:527px;height:350px\" srcset=\"https:\/\/www.claus-von-stauffenberg-schule.de\/wp-content\/uploads\/2023\/10\/1886-1024x681.jpg 1024w, https:\/\/www.claus-von-stauffenberg-schule.de\/wp-content\/uploads\/2023\/10\/1886-300x200.jpg 300w, https:\/\/www.claus-von-stauffenberg-schule.de\/wp-content\/uploads\/2023\/10\/1886-768x511.jpg 768w, https:\/\/www.claus-von-stauffenberg-schule.de\/wp-content\/uploads\/2023\/10\/1886-1536x1022.jpg 1536w, https:\/\/www.claus-von-stauffenberg-schule.de\/wp-content\/uploads\/2023\/10\/1886-2048x1363.jpg 2048w, https:\/\/www.claus-von-stauffenberg-schule.de\/wp-content\/uploads\/2023\/10\/1886-360x240.jpg 360w\" sizes=\"auto, (max-width: 1024px) 100vw, 1024px\" \/><\/a><figcaption class=\"wp-element-caption\"><p style=\"text-align: center;\"><strong>Stellvertretender Schulleiter<\/strong><\/p><p style=\"text-align: center;\"><\/p><p style=\"text-align: center;\">Herr Alexander Schulte-Sasse<\/p><\/figcaption><\/figure>\n\n\n\n<hr class=\"wp-block-separator has-alpha-channel-opacity\"\/>\n\n\n\n<p><strong>Studien \u2013 und Fachbereichsleiter der Claus-von-Stauffenberg Schule<\/strong><\/p>\n\n\n\n<figure class=\"wp-block-table\"><table><tbody><tr><td>Studienleiterin und Fachbereichsleiterin\n<p>f\u00fcr Mathematik<\/p>\n<\/td><td>Frau Kn\u00f6tzele<\/td><\/tr><tr><td>Fachbereichsleiter\n<p>f\u00fcr Geschichte, Politik und Wirtschaft,<br>evangelische und katholische Religion und Ethik<\/p>\n<\/td><td>Herr Reinhardt<\/td><\/tr><tr><td>Fachbereichsleiterin\n<p>f\u00fcr Deutsch, Kunst, Musik und Darstellendes Spiel<\/p>\n<p>sowie f\u00fcr das Fach Sport<\/p>\n<\/td><td>Frau Jeuck<\/td><\/tr><tr><td>Naturwissenschaftliche Leitung<\/td><td>Frau Stegner<\/td><\/tr><tr><td>Schulsprachenleiter f\u00fcr Englisch, Franz\u00f6sisch, Italienisch,<br>Latein und Spanisch<\/td><td>Herr Soldat<\/td><\/tr><tr><td>Schulsportleiter<\/td><td>Herr Ites<\/td><\/tr><\/tbody><\/table><\/figure>\n\n\n\n<hr class=\"wp-block-separator has-alpha-channel-opacity\"\/>\n","protected":false},"excerpt":{"rendered":"<p>Studien \u2013 und Fachbereichsleiter der Claus-von-Stauffenberg Schule Studienleiterin und Fachbereichsleiterin f\u00fcr Mathematik Frau Kn\u00f6tzele Fachbereichsleiter f\u00fcr Geschichte, Politik und Wirtschaft,evangelische und katholische Religion und Ethik Herr Reinhardt Fachbereichsleiterin f\u00fcr Deutsch, Kunst, Musik und Darstellendes Spiel sowie f\u00fcr das Fach Sport Frau Jeuck Naturwissenschaftliche Leitung Frau Stegner Schulsprachenleiter f\u00fcr Englisch, Franz\u00f6sisch, [&hellip;]<\/p>\n","protected":false},"author":1,"featured_media":0,"parent":23,"menu_order":68,"comment_status":"closed","ping_status":"closed","template":"","meta":{"ngg_post_thumbnail":0,"_themeisle_gutenberg_block_has_review":false,"footnotes":""},"class_list":["post-299","page","type-page","status-publish","hentry"],"_links":{"self":[{"href":"https:\/\/www.claus-von-stauffenberg-schule.de\/index.php?rest_route=\/wp\/v2\/pages\/299","targetHints":{"allow":["GET"]}}],"collection":[{"href":"https:\/\/www.claus-von-stauffenberg-schule.de\/index.php?rest_route=\/wp\/v2\/pages"}],"about":[{"href":"https:\/\/www.claus-von-stauffenberg-schule.de\/index.php?rest_route=\/wp\/v2\/types\/page"}],"author":[{"embeddable":true,"href":"https:\/\/www.claus-von-stauffenberg-schule.de\/index.php?rest_route=\/wp\/v2\/users\/1"}],"replies":[{"embeddable":true,"href":"https:\/\/www.claus-von-stauffenberg-schule.de\/index.php?rest_route=%2Fwp%2Fv2%2Fcomments&post=299"}],"version-history":[{"count":38,"href":"https:\/\/www.claus-von-stauffenberg-schule.de\/index.php?rest_route=\/wp\/v2\/pages\/299\/revisions"}],"predecessor-version":[{"id":12639,"href":"https:\/\/www.claus-von-stauffenberg-schule.de\/index.php?rest_route=\/wp\/v2\/pages\/299\/revisions\/12639"}],"up":[{"embeddable":true,"href":"https:\/\/www.claus-von-stauffenberg-schule.de\/index.php?rest_route=\/wp\/v2\/pages\/23"}],"wp:attachment":[{"href":"https:\/\/www.claus-von-stauffenberg-schule.de\/index.php?rest_route=%2Fwp%2Fv2%2Fmedia&parent=299"}],"curies":[{"name":"wp","href":"https:\/\/api.w.org\/{rel}","templated":true}]}}

<p></p>



<figure class="wp-block-image size-large is-resized is-style-rounded"><a href="https://www.claus-von-stauffenberg-schule.de/wp-content/uploads/2023/10/1868-scaled.jpg"><img loading="lazy" decoding="async" width="1024" height="681" src="https://www.claus-von-stauffenberg-schule.de/wp-content/uploads/2023/10/1868-1024x681.jpg" alt="" class="wp-image-12164" style="width:517px;height:343px" srcset="https://www.claus-von-stauffenberg-schule.de/wp-content/uploads/2023/10/1868-1024x681.jpg 1024w, https://www.claus-von-stauffenberg-schule.de/wp-content/uploads/2023/10/1868-300x200.jpg 300w, https://www.claus-von-stauffenberg-schule.de/wp-content/uploads/2023/10/1868-768x511.jpg 768w, https://www.claus-von-stauffenberg-schule.de/wp-content/uploads/2023/10/1868-1536x1022.jpg 1536w, https://www.claus-von-stauffenberg-schule.de/wp-content/uploads/2023/10/1868-2048x1362.jpg 2048w, https://www.claus-von-stauffenberg-schule.de/wp-content/uploads/2023/10/1868-360x240.jpg 360w" sizes="auto, (max-width: 1024px) 100vw, 1024px" /></a><figcaption class="wp-element-caption"><p style="text-align: center;"><strong>Schulleiterin</strong></p><p style="text-align: center;">Frau Dagmar Emmerich</p></figcaption></figure>



<hr class="wp-block-separator has-alpha-channel-opacity"/>



<figure class="wp-block-image size-large is-resized is-style-rounded"><a href="https://www.claus-von-stauffenberg-schule.de/wp-content/uploads/2023/10/1886-scaled.jpg"><img loading="lazy" decoding="async" width="1024" height="681" src="https://www.claus-von-stauffenberg-schule.de/wp-content/uploads/2023/10/1886-1024x681.jpg" alt="" class="wp-image-12166" style="width:527px;height:350px" srcset="https://www.claus-von-stauffenberg-schule.de/wp-content/uploads/2023/10/1886-1024x681.jpg 1024w, https://www.claus-von-stauffenberg-schule.de/wp-content/uploads/2023/10/1886-300x200.jpg 300w, https://www.claus-von-stauffenberg-schule.de/wp-content/uploads/2023/10/1886-768x511.jpg 768w, https://www.claus-von-stauffenberg-schule.de/wp-content/uploads/2023/10/1886-1536x1022.jpg 1536w, https://www.claus-von-stauffenberg-schule.de/wp-content/uploads/2023/10/1886-2048x1363.jpg 2048w, https://www.claus-von-stauffenberg-schule.de/wp-content/uploads/2023/10/1886-360x240.jpg 360w" sizes="auto, (max-width: 1024px) 100vw, 1024px" /></a><figcaption class="wp-element-caption"><p style="text-align: center;"><strong>Stellvertretender Schulleiter</strong></p><p style="text-align: center;"></p><p style="text-align: center;">Herr Alexander Schulte-Sasse</p></figcaption></figure>



<hr class="wp-block-separator has-alpha-channel-opacity"/>



<p><strong>Studien – und Fachbereichsleiter der Claus-von-Stauffenberg Schule</strong></p>



<figure class="wp-block-table"><table><tbody><tr><td>Studienleiterin und Fachbereichsleiterin
<p>für Mathematik</p>
</td><td>Frau Knötzele</td></tr><tr><td>Fachbereichsleiter
<p>für Geschichte, Politik und Wirtschaft,<br>evangelische und katholische Religion und Ethik</p>
</td><td>Herr Reinhardt</td></tr><tr><td>Fachbereichsleiterin
<p>für Deutsch, Kunst, Musik und Darstellendes Spiel</p>
<p>sowie für das Fach Sport</p>
</td><td>Frau Jeuck</td></tr><tr><td>Naturwissenschaftliche Leitung</td><td>Frau Stegner</td></tr><tr><td>Schulsprachenleiter für Englisch, Französisch, Italienisch,<br>Latein und Spanisch</td><td>Herr Soldat</td></tr><tr><td>Schulsportleiter</td><td>Herr Ites</td></tr></tbody></table></figure>



<hr class="wp-block-separator has-alpha-channel-opacity"/>

<p>Studien – und Fachbereichsleiter der Claus-von-Stauffenberg Schule Studienleiterin und Fachbereichsleiterin für Mathematik Frau Knötzele Fachbereichsleiter für Geschichte, Politik und Wirtschaft,evangelische und katholische Religion und Ethik Herr Reinhardt Fachbereichsleiterin für Deutsch, Kunst, Musik und Darstellendes Spiel sowie für das Fach Sport Frau Jeuck Naturwissenschaftliche Leitung Frau Stegner Schulsprachenleiter für Englisch, Französisch, [&hellip;]</p>
