{"id":38,"date":"2012-02-06T12:21:27","date_gmt":"2012-02-06T12:21:27","guid":{"rendered":"http:\/\/wp.cvss.de\/?page_id=38"},"modified":"2026-02-24T13:48:27","modified_gmt":"2026-02-24T12:48:27","slug":"forderverein","status":"publish","type":"page","link":"https:\/\/www.claus-von-stauffenberg-schule.de\/?page_id=38","title":{"rendered":"F\u00f6rderverein"},"content":{"rendered":"\n<p><strong>Erreichbarkeit<\/strong><\/p>\n\n\n\n<p>Sie k\u00f6nnen den F\u00f6rderverein der Claus-von-Stauffenberg-Schule per E-Mail erreichen:<\/p>\n\n\n\n<p><em>foerderverein@claus-von-stauffenberg-schule.de<\/em><\/p>\n\n\n\n<p>Der F\u00f6rderverein der Claus-von-Stauffenberg-Schule wurde vor ca 30 Jahren gegr\u00fcndet.<br>Er setzt sich zusammen aus aktuellen und ehemaligen Sch\u00fclern, Eltern und Lehrer.<br>Wegen der knappen Geldmittel der \u00f6ffentlichen Haushalte ist dieses Gremium f\u00fcr unsere<br>Schule sehr wertvoll: Mit den Einnahmen, die sich aus Mitgliedsbeitr\u00e4gen, Spenden und<br>Sonderveranstaltungen (Ehemaligenfest, u.s.w.) ergeben, werden Bildungsprojekte gef\u00f6rdert,<br>die Ausstattung der Lehr- und Lernmittel erg\u00e4nzt und wichtige schulische Veranstaltungen<br>(Vortr\u00e4ge, Sch\u00fcleraustausch, Abiturfeier u.s.w.) finanziell begleitet.<br>Das j\u00e4hrliche F\u00f6rdervolumen liegt zur Zeit zwischen 6000 und 10000 Euro im Jahr.<br>Beispiele f\u00fcr aktuelle Gro\u00dfprojekte (Stand 2017) sind: Wasserspender in der Pausenhalle,<br>Funkuhren f\u00fcr alle Klassenr\u00e4ume, Sonnenschirme f\u00fcr den neugestalteten Schulhof, Reparatur<br>und Erg\u00e4nzung der M\u00f6bel in der Lehrerk\u00fcche, Italienaustausch, u.s.w.<\/p>\n\n\n\n<p><\/p>\n\n\n\n<p><strong>Freunde und F\u00f6rderer der Claus-von-Stauffenberg-Schule e.V.<\/strong><\/p>\n\n\n\n<p>Liebe Eltern,<\/p>\n\n\n\n<p>wir, der F\u00f6rderverein der Claus-von Stauffenberg-Schule, m\u00f6chte Sie auf diesem Wege als Mitglied werben. &nbsp;&nbsp;Deswegen nutzen wir die Chance, uns Ihnen kurz vorzustellen.<\/p>\n\n\n\n<p>Unter dem Namen \u201eFreunde und F\u00f6rderer der Claus-von-Stauffenberg-Schule e.V.\u201c wurde der Verein im M\u00e4rz 1990 gegr\u00fcndet. Er ist ein eingetragener Verein, dem die Gemeinn\u00fctzigkeit zugesprochen wurde. Spenden und Mitgliedsbeitr\u00e4ge sind daher auch steuerlich absetzbar. Weiterhin ist der Verein Tr\u00e4ger der freien Jugendhilfe. Mitglieder sind Eltern, ehemalige Sch\u00fcler, Lehrer, Sch\u00fcler und Interessierte.<\/p>\n\n\n\n<p>Die F\u00f6rderung der Schule zum Nutzen ihrer Sch\u00fcler geschieht auf vielf\u00e4ltige Weise, zum Beispiel durch:<\/p>\n\n\n\n<ul class=\"wp-block-list\">\n<li>Anschaffung von diversen Ger\u00e4tschaften, z.B. Computer, DvD-Player, Filmmaterial, Musikinstrumente, Sportger\u00e4te, Theaterb\u00fchne, Druckmesser, Pendelschreiber usw.<\/li>\n\n\n\n<li>Finanzielle Unterst\u00fctzung von Lehrausfl\u00fcgen (Betriebsbesichtigungen, Museen) sowie Unterst\u00fctzung der Berufsfindungswoche durch Fachreferenten<\/li>\n\n\n\n<li>Finanzielle F\u00f6rderung von europ\u00e4ischen Schulpartnerschaften (aktuell Italienaustausch)<\/li>\n\n\n\n<li>Unterst\u00fctzung der AG \u201eHilfe zur Selbsthilfe\u201c (Brandschutz AG)<\/li>\n\n\n\n<li>Finanzielle Unterst\u00fctzung der \u201e24-Stunden-Lauf\u201c-Mannschaft der Claus-von-Stauffenberg-Schule<\/li>\n\n\n\n<li>Tatkr\u00e4ftige Unterst\u00fctzung der Abiturienten, insbesondere bei der Organisation des Abi-Balles<\/li>\n\n\n\n<li>Planung und Durchf\u00fchrung von Ehemaligentreffen und sonstigen Feiern<\/li>\n<\/ul>\n\n\n\n<p>F\u00fcr all diese Aktivit\u00e4ten ben\u00f6tigen wir Mitglieder, die den Verein mit ihren Mitgliedsbeitr\u00e4gen &nbsp;unterst\u00fctzen.&nbsp; Dies insbesondere in einer Zeit, in der die angemessene Ausstattung der Schule durch den von Geldsorgen geplagten Schultr\u00e4ger und gek\u00fcrzte Schulbudgets immer mehr zu einem Problem wird.<\/p>\n\n\n\n<p><strong>Werden Sie Mitglied!&nbsp; F\u00f6rdern auch Sie die Schule Ihrer Kinder.<\/strong><\/p>\n\n\n\n<p>Der ehrenamtliche Vorstand des Vereins verspricht Ihnen seine Unterst\u00fctzung.<\/p>\n\n\n\n<ul class=\"wp-block-list\">\n<li><a rel=\"noreferrer noopener\" href=\"\/medien\/pdf\/Foerderverein\/neuesatzung.pdf\" target=\"_blank\">Satzung<\/a><\/li>\n\n\n\n<li><a rel=\"noreferrer noopener\" href=\"\/medien\/pdf\/Foerderverein\/Beitragsordnung_2019.pdf\" target=\"_blank\">Beitragsordnung<\/a><\/li>\n\n\n\n<li><a href=\"\/medien\/pdf\/Foerderverein\/Infoblatt_Anmeldung.pdf\" target=\"_blank\" rel=\"noreferrer noopener\">Anmeldung<\/a><\/li>\n<\/ul>\n\n\n\n<p><\/p>\n","protected":false},"excerpt":{"rendered":"<p>Erreichbarkeit Sie k\u00f6nnen den F\u00f6rderverein der Claus-von-Stauffenberg-Schule per E-Mail erreichen: foerderverein@claus-von-stauffenberg-schule.de Der F\u00f6rderverein der Claus-von-Stauffenberg-Schule wurde vor ca 30 Jahren gegr\u00fcndet.Er setzt sich zusammen aus aktuellen und ehemaligen Sch\u00fclern, Eltern und Lehrer.Wegen der knappen Geldmittel der \u00f6ffentlichen Haushalte ist dieses Gremium f\u00fcr unsereSchule sehr wertvoll: Mit den Einnahmen, die sich [&hellip;]<\/p>\n","protected":false},"author":1,"featured_media":0,"parent":0,"menu_order":76,"comment_status":"closed","ping_status":"closed","template":"","meta":{"ngg_post_thumbnail":0,"_themeisle_gutenberg_block_has_review":false,"footnotes":""},"class_list":["post-38","page","type-page","status-publish","hentry"],"_links":{"self":[{"href":"https:\/\/www.claus-von-stauffenberg-schule.de\/index.php?rest_route=\/wp\/v2\/pages\/38","targetHints":{"allow":["GET"]}}],"collection":[{"href":"https:\/\/www.claus-von-stauffenberg-schule.de\/index.php?rest_route=\/wp\/v2\/pages"}],"about":[{"href":"https:\/\/www.claus-von-stauffenberg-schule.de\/index.php?rest_route=\/wp\/v2\/types\/page"}],"author":[{"embeddable":true,"href":"https:\/\/www.claus-von-stauffenberg-schule.de\/index.php?rest_route=\/wp\/v2\/users\/1"}],"replies":[{"embeddable":true,"href":"https:\/\/www.claus-von-stauffenberg-schule.de\/index.php?rest_route=%2Fwp%2Fv2%2Fcomments&post=38"}],"version-history":[{"count":34,"href":"https:\/\/www.claus-von-stauffenberg-schule.de\/index.php?rest_route=\/wp\/v2\/pages\/38\/revisions"}],"predecessor-version":[{"id":13830,"href":"https:\/\/www.claus-von-stauffenberg-schule.de\/index.php?rest_route=\/wp\/v2\/pages\/38\/revisions\/13830"}],"wp:attachment":[{"href":"https:\/\/www.claus-von-stauffenberg-schule.de\/index.php?rest_route=%2Fwp%2Fv2%2Fmedia&parent=38"}],"curies":[{"name":"wp","href":"https:\/\/api.w.org\/{rel}","templated":true}]}}