{"id":441,"date":"2012-03-30T18:58:07","date_gmt":"2012-03-30T18:58:07","guid":{"rendered":"http:\/\/wp.cvss.de\/?page_id=441"},"modified":"2024-09-19T08:28:43","modified_gmt":"2024-09-19T06:28:43","slug":"arbeitsgemeinschaften","status":"publish","type":"page","link":"https:\/\/www.claus-von-stauffenberg-schule.de\/?page_id=441","title":{"rendered":"Arbeitsgemeinschaften"},"content":{"rendered":"\n<p>Jedes Jahr organisieren Lehrerinnen und Lehrer unserer Schule Arbeitsgemeinschaften au\u00dferhalb des regul\u00e4ren Unterrichtes. Interessierte Sch\u00fclerinnen und Sch\u00fcler k\u00f6nnen nach ihren Interessen an beliebigen AGs teilnehmen. Im Schuljahr 2024\/25 werden folgende AGs angeboten:<\/p>\n\n\n<a href=\"https:\/\/www.claus-von-stauffenberg-schule.de\/wp-content\/uploads\/2024\/09\/AG_Uebersicht.pdf\" class=\"pdfemb-viewer\" style=\"\" data-width=\"max\" data-height=\"max\" data-toolbar=\"bottom\" data-toolbar-fixed=\"off\">AG_Uebersicht<\/a>","protected":false},"excerpt":{"rendered":"<p>Jedes Jahr organisieren Lehrerinnen und Lehrer unserer Schule Arbeitsgemeinschaften au\u00dferhalb des regul\u00e4ren Unterrichtes. Interessierte Sch\u00fclerinnen und Sch\u00fcler k\u00f6nnen nach ihren Interessen an beliebigen AGs teilnehmen. Im Schuljahr 2024\/25 werden folgende AGs angeboten:<\/p>\n","protected":false},"author":1,"featured_media":8830,"parent":21,"menu_order":44,"comment_status":"closed","ping_status":"closed","template":"","meta":{"ngg_post_thumbnail":0,"_themeisle_gutenberg_block_has_review":false,"footnotes":""},"class_list":["post-441","page","type-page","status-publish","has-post-thumbnail","hentry"],"_links":{"self":[{"href":"https:\/\/www.claus-von-stauffenberg-schule.de\/index.php?rest_route=\/wp\/v2\/pages\/441","targetHints":{"allow":["GET"]}}],"collection":[{"href":"https:\/\/www.claus-von-stauffenberg-schule.de\/index.php?rest_route=\/wp\/v2\/pages"}],"about":[{"href":"https:\/\/www.claus-von-stauffenberg-schule.de\/index.php?rest_route=\/wp\/v2\/types\/page"}],"author":[{"embeddable":true,"href":"https:\/\/www.claus-von-stauffenberg-schule.de\/index.php?rest_route=\/wp\/v2\/users\/1"}],"replies":[{"embeddable":true,"href":"https:\/\/www.claus-von-stauffenberg-schule.de\/index.php?rest_route=%2Fwp%2Fv2%2Fcomments&post=441"}],"version-history":[{"count":35,"href":"https:\/\/www.claus-von-stauffenberg-schule.de\/index.php?rest_route=\/wp\/v2\/pages\/441\/revisions"}],"predecessor-version":[{"id":12920,"href":"https:\/\/www.claus-von-stauffenberg-schule.de\/index.php?rest_route=\/wp\/v2\/pages\/441\/revisions\/12920"}],"up":[{"embeddable":true,"href":"https:\/\/www.claus-von-stauffenberg-schule.de\/index.php?rest_route=\/wp\/v2\/pages\/21"}],"wp:featuredmedia":[{"embeddable":true,"href":"https:\/\/www.claus-von-stauffenberg-schule.de\/index.php?rest_route=\/wp\/v2\/media\/8830"}],"wp:attachment":[{"href":"https:\/\/www.claus-von-stauffenberg-schule.de\/index.php?rest_route=%2Fwp%2Fv2%2Fmedia&parent=441"}],"curies":[{"name":"wp","href":"https:\/\/api.w.org\/{rel}","templated":true}]}}

<p>Jedes Jahr organisieren Lehrerinnen und Lehrer unserer Schule Arbeitsgemeinschaften außerhalb des regulären Unterrichtes. Interessierte Schülerinnen und Schüler können nach ihren Interessen an beliebigen AGs teilnehmen. Im Schuljahr 2024/25 werden folgende AGs angeboten:</p>


<a href="https://www.claus-von-stauffenberg-schule.de/wp-content/uploads/2024/09/AG_Uebersicht.pdf" class="pdfemb-viewer" style="" data-width="max" data-height="max" data-toolbar="bottom" data-toolbar-fixed="off">AG_Uebersicht</a>

<p>Jedes Jahr organisieren Lehrerinnen und Lehrer unserer Schule Arbeitsgemeinschaften außerhalb des regulären Unterrichtes. Interessierte Schülerinnen und Schüler können nach ihren Interessen an beliebigen AGs teilnehmen. Im Schuljahr 2024/25 werden folgende AGs angeboten:</p>
