{"id":5667,"date":"2016-06-01T15:16:20","date_gmt":"2016-06-01T13:16:20","guid":{"rendered":"http:\/\/www.claus-von-stauffenberg-schule.de\/?page_id=5667"},"modified":"2025-11-04T12:31:29","modified_gmt":"2025-11-04T11:31:29","slug":"das-kollegium-in-bildern","status":"publish","type":"page","link":"https:\/\/www.claus-von-stauffenberg-schule.de\/?page_id=5667","title":{"rendered":"Das Kollegium in Bildern"},"content":{"rendered":"<p>\u00dcber 60 Lehrerinnen und Lehrer werden an unserer Schule von mehreren Referendaren und auch abgeordneten Lehrkr\u00e4ften von anderen Schulen im Umkreis unterst\u00fctzt.<\/p>\n<div style=\"width: 378px\" class=\"wp-caption alignright\"><a href=\"\/medien\/Bilder\/lehrer_altg.jpg\"><img loading=\"lazy\" decoding=\"async\" src=\"\/medien\/Bilder\/lehrer_altg.jpg\" width=\"368\" height=\"194\"><\/a><p class=\"wp-caption-text\">Damals&#8230; Ein Lehrer-Foto von 1987 erinnert an die ersten Jahre des Schulbetriebs an der CvSS.<\/p><\/div>\n<div style=\"width: 498px\" class=\"wp-caption alignleft\"><a href=\"\/medien\/Bilder\/lehrerg.jpg\"><img loading=\"lazy\" decoding=\"async\" src=\"\/medien\/Bilder\/lehrerg.jpg\" width=\"488\" height=\"308\"><\/a><p class=\"wp-caption-text\">2009 Viele Lehrerinnen und Lehrer sind schon seit der Gr\u00fcndung der CvSS dabei.<\/p><\/div>\n<div style=\"width: 498px\" class=\"wp-caption alignright\"><a href=\"\/medien\/Bilder\/kollegium2011.jpg\"><img loading=\"lazy\" decoding=\"async\" src=\"\/medien\/Bilder\/kollegium2011.jpg\" width=\"488\" height=\"388\"><\/a><p class=\"wp-caption-text\">Das Kollegium im Sommer 2011<\/p><\/div>\n<\/p>\n<p><div style=\"width: 486px\" class=\"wp-caption alignnone\"><a href=\"http:\/\/www.claus-von-stauffenberg-schule.de\/wp-content\/uploads\/2016\/06\/IMG_7042.jpg\"><img loading=\"lazy\" decoding=\"async\" class=\"alignnone wp-image-7234\" src=\"http:\/\/www.claus-von-stauffenberg-schule.de\/wp-content\/uploads\/2016\/06\/IMG_7042-300x169.jpg\" alt=\"\" width=\"476\" height=\"268\" srcset=\"https:\/\/www.claus-von-stauffenberg-schule.de\/wp-content\/uploads\/2016\/06\/IMG_7042-300x169.jpg 300w, https:\/\/www.claus-von-stauffenberg-schule.de\/wp-content\/uploads\/2016\/06\/IMG_7042-768x431.jpg 768w, https:\/\/www.claus-von-stauffenberg-schule.de\/wp-content\/uploads\/2016\/06\/IMG_7042-1024x575.jpg 1024w, https:\/\/www.claus-von-stauffenberg-schule.de\/wp-content\/uploads\/2016\/06\/IMG_7042-250x140.jpg 250w\" sizes=\"auto, (max-width: 476px) 100vw, 476px\" \/><\/a><p class=\"wp-caption-text\">Das Kollegium 2017<\/p><\/div><br \/>\n<div style=\"width: 525px\" class=\"wp-caption alignnone\"><a href=\"http:\/\/www.claus-von-stauffenberg-schule.de\/wp-content\/uploads\/2018\/09\/IMG_3357-1-e1537183532734.jpg\"><img loading=\"lazy\" decoding=\"async\" src=\"http:\/\/www.claus-von-stauffenberg-schule.de\/wp-content\/uploads\/2018\/09\/IMG_3357-1-1024x575.jpg\" alt=\"\" class=\"alignnone wp-image-8240\" width=\"515\" height=\"289\"><\/a><p class=\"wp-caption-text\"><br \/>Das Kollegium im Sommer 2018 auf dem neuen Schulhof<\/p><\/div><\/p>\n\n\n<figure class=\"wp-block-image size-large\"><a href=\"https:\/\/www.claus-von-stauffenberg-schule.de\/wp-content\/uploads\/2022\/10\/IMG_0164-scaled.jpg\"><img loading=\"lazy\" decoding=\"async\" width=\"1024\" height=\"576\" src=\"https:\/\/www.claus-von-stauffenberg-schule.de\/wp-content\/uploads\/2022\/10\/IMG_0164-1024x576.jpg\" alt=\"\" class=\"wp-image-11486\" srcset=\"https:\/\/www.claus-von-stauffenberg-schule.de\/wp-content\/uploads\/2022\/10\/IMG_0164-1024x576.jpg 1024w, https:\/\/www.claus-von-stauffenberg-schule.de\/wp-content\/uploads\/2022\/10\/IMG_0164-300x169.jpg 300w, https:\/\/www.claus-von-stauffenberg-schule.de\/wp-content\/uploads\/2022\/10\/IMG_0164-768x432.jpg 768w, https:\/\/www.claus-von-stauffenberg-schule.de\/wp-content\/uploads\/2022\/10\/IMG_0164-1536x864.jpg 1536w, https:\/\/www.claus-von-stauffenberg-schule.de\/wp-content\/uploads\/2022\/10\/IMG_0164-2048x1152.jpg 2048w\" sizes=\"auto, (max-width: 1024px) 100vw, 1024px\" \/><\/a><figcaption class=\"wp-element-caption\">Das Kollegium der Claus-von-Stauffenberg-Schule im Herbst 2022<\/figcaption><\/figure>\n\n\n\n<figure class=\"wp-block-image size-large\"><a href=\"https:\/\/www.claus-von-stauffenberg-schule.de\/wp-content\/uploads\/2023\/11\/Kollegium1-scaled.jpg\"><img loading=\"lazy\" decoding=\"async\" width=\"1024\" height=\"768\" src=\"https:\/\/www.claus-von-stauffenberg-schule.de\/wp-content\/uploads\/2023\/11\/Kollegium1-1024x768.jpg\" alt=\"\" class=\"wp-image-12280\" srcset=\"https:\/\/www.claus-von-stauffenberg-schule.de\/wp-content\/uploads\/2023\/11\/Kollegium1-1024x768.jpg 1024w, https:\/\/www.claus-von-stauffenberg-schule.de\/wp-content\/uploads\/2023\/11\/Kollegium1-300x225.jpg 300w, https:\/\/www.claus-von-stauffenberg-schule.de\/wp-content\/uploads\/2023\/11\/Kollegium1-768x576.jpg 768w, https:\/\/www.claus-von-stauffenberg-schule.de\/wp-content\/uploads\/2023\/11\/Kollegium1-1536x1152.jpg 1536w, https:\/\/www.claus-von-stauffenberg-schule.de\/wp-content\/uploads\/2023\/11\/Kollegium1-2048x1536.jpg 2048w\" sizes=\"auto, (max-width: 1024px) 100vw, 1024px\" \/><\/a><\/figure>\n\n\n\n<p>&#8230; im Herbst 2023<\/p>\n\n\n\n<figure class=\"wp-block-image size-large\"><a href=\"https:\/\/www.claus-von-stauffenberg-schule.de\/wp-content\/uploads\/2024\/10\/Kollegiumsbild-scaled.jpg\"><img loading=\"lazy\" decoding=\"async\" width=\"1024\" height=\"689\" src=\"https:\/\/www.claus-von-stauffenberg-schule.de\/wp-content\/uploads\/2024\/10\/Kollegiumsbild-1024x689.jpg\" alt=\"\" class=\"wp-image-12963\" srcset=\"https:\/\/www.claus-von-stauffenberg-schule.de\/wp-content\/uploads\/2024\/10\/Kollegiumsbild-1024x689.jpg 1024w, https:\/\/www.claus-von-stauffenberg-schule.de\/wp-content\/uploads\/2024\/10\/Kollegiumsbild-300x202.jpg 300w, https:\/\/www.claus-von-stauffenberg-schule.de\/wp-content\/uploads\/2024\/10\/Kollegiumsbild-768x517.jpg 768w, https:\/\/www.claus-von-stauffenberg-schule.de\/wp-content\/uploads\/2024\/10\/Kollegiumsbild-1536x1034.jpg 1536w, https:\/\/www.claus-von-stauffenberg-schule.de\/wp-content\/uploads\/2024\/10\/Kollegiumsbild-2048x1378.jpg 2048w\" sizes=\"auto, (max-width: 1024px) 100vw, 1024px\" \/><\/a><\/figure>\n\n\n\n<p>&#8230; im Sommer 2024<\/p>\n\n\n\n<figure class=\"wp-block-image size-large\"><a href=\"https:\/\/www.claus-von-stauffenberg-schule.de\/wp-content\/uploads\/2025\/11\/Kollegiumsbild-scaled.jpg\"><img loading=\"lazy\" decoding=\"async\" width=\"1024\" height=\"461\" src=\"https:\/\/www.claus-von-stauffenberg-schule.de\/wp-content\/uploads\/2025\/11\/Kollegiumsbild-1024x461.jpg\" alt=\"\" class=\"wp-image-13665\" srcset=\"https:\/\/www.claus-von-stauffenberg-schule.de\/wp-content\/uploads\/2025\/11\/Kollegiumsbild-1024x461.jpg 1024w, https:\/\/www.claus-von-stauffenberg-schule.de\/wp-content\/uploads\/2025\/11\/Kollegiumsbild-300x135.jpg 300w, https:\/\/www.claus-von-stauffenberg-schule.de\/wp-content\/uploads\/2025\/11\/Kollegiumsbild-768x346.jpg 768w, https:\/\/www.claus-von-stauffenberg-schule.de\/wp-content\/uploads\/2025\/11\/Kollegiumsbild-1536x692.jpg 1536w, https:\/\/www.claus-von-stauffenberg-schule.de\/wp-content\/uploads\/2025\/11\/Kollegiumsbild-2048x922.jpg 2048w\" sizes=\"auto, (max-width: 1024px) 100vw, 1024px\" \/><\/a><\/figure>\n\n\n\n<p>&#8230; im Herbst 2025 zusammen mit Eltern- und Sch\u00fclervetretern und -vetreterinnen.<\/p>\n","protected":false},"excerpt":{"rendered":"<p>\u00dcber 60 Lehrerinnen und Lehrer werden an unserer Schule von mehreren Referendaren und auch abgeordneten Lehrkr\u00e4ften von anderen Schulen im Umkreis unterst\u00fctzt. &#8230; im Herbst 2023 &#8230; im Sommer 2024 &#8230; im Herbst 2025 zusammen mit Eltern- und Sch\u00fclervetretern und -vetreterinnen.<\/p>\n","protected":false},"author":1,"featured_media":0,"parent":406,"menu_order":67,"comment_status":"closed","ping_status":"closed","template":"","meta":{"ngg_post_thumbnail":0,"_themeisle_gutenberg_block_has_review":false,"footnotes":""},"class_list":["post-5667","page","type-page","status-publish","hentry"],"_links":{"self":[{"href":"https:\/\/www.claus-von-stauffenberg-schule.de\/index.php?rest_route=\/wp\/v2\/pages\/5667","targetHints":{"allow":["GET"]}}],"collection":[{"href":"https:\/\/www.claus-von-stauffenberg-schule.de\/index.php?rest_route=\/wp\/v2\/pages"}],"about":[{"href":"https:\/\/www.claus-von-stauffenberg-schule.de\/index.php?rest_route=\/wp\/v2\/types\/page"}],"author":[{"embeddable":true,"href":"https:\/\/www.claus-von-stauffenberg-schule.de\/index.php?rest_route=\/wp\/v2\/users\/1"}],"replies":[{"embeddable":true,"href":"https:\/\/www.claus-von-stauffenberg-schule.de\/index.php?rest_route=%2Fwp%2Fv2%2Fcomments&post=5667"}],"version-history":[{"count":21,"href":"https:\/\/www.claus-von-stauffenberg-schule.de\/index.php?rest_route=\/wp\/v2\/pages\/5667\/revisions"}],"predecessor-version":[{"id":13667,"href":"https:\/\/www.claus-von-stauffenberg-schule.de\/index.php?rest_route=\/wp\/v2\/pages\/5667\/revisions\/13667"}],"up":[{"embeddable":true,"href":"https:\/\/www.claus-von-stauffenberg-schule.de\/index.php?rest_route=\/wp\/v2\/pages\/406"}],"wp:attachment":[{"href":"https:\/\/www.claus-von-stauffenberg-schule.de\/index.php?rest_route=%2Fwp%2Fv2%2Fmedia&parent=5667"}],"curies":[{"name":"wp","href":"https:\/\/api.w.org\/{rel}","templated":true}]}}

<p>Über 60 Lehrerinnen und Lehrer werden an unserer Schule von mehreren Referendaren und auch abgeordneten Lehrkräften von anderen Schulen im Umkreis unterstützt.</p>
<div style="width: 378px" class="wp-caption alignright"><a href="/medien/Bilder/lehrer_altg.jpg"><img loading="lazy" decoding="async" src="/medien/Bilder/lehrer_altg.jpg" width="368" height="194"></a><p class="wp-caption-text">Damals&#8230; Ein Lehrer-Foto von 1987 erinnert an die ersten Jahre des Schulbetriebs an der CvSS.</p></div>
<div style="width: 498px" class="wp-caption alignleft"><a href="/medien/Bilder/lehrerg.jpg"><img loading="lazy" decoding="async" src="/medien/Bilder/lehrerg.jpg" width="488" height="308"></a><p class="wp-caption-text">2009 Viele Lehrerinnen und Lehrer sind schon seit der Gründung der CvSS dabei.</p></div>
<div style="width: 498px" class="wp-caption alignright"><a href="/medien/Bilder/kollegium2011.jpg"><img loading="lazy" decoding="async" src="/medien/Bilder/kollegium2011.jpg" width="488" height="388"></a><p class="wp-caption-text">Das Kollegium im Sommer 2011</p></div>
</p>
<p><div style="width: 486px" class="wp-caption alignnone"><a href="http://www.claus-von-stauffenberg-schule.de/wp-content/uploads/2016/06/IMG_7042.jpg"><img loading="lazy" decoding="async" class="alignnone wp-image-7234" src="http://www.claus-von-stauffenberg-schule.de/wp-content/uploads/2016/06/IMG_7042-300x169.jpg" alt="" width="476" height="268" srcset="https://www.claus-von-stauffenberg-schule.de/wp-content/uploads/2016/06/IMG_7042-300x169.jpg 300w, https://www.claus-von-stauffenberg-schule.de/wp-content/uploads/2016/06/IMG_7042-768x431.jpg 768w, https://www.claus-von-stauffenberg-schule.de/wp-content/uploads/2016/06/IMG_7042-1024x575.jpg 1024w, https://www.claus-von-stauffenberg-schule.de/wp-content/uploads/2016/06/IMG_7042-250x140.jpg 250w" sizes="auto, (max-width: 476px) 100vw, 476px" /></a><p class="wp-caption-text">Das Kollegium 2017</p></div><br />
<div style="width: 525px" class="wp-caption alignnone"><a href="http://www.claus-von-stauffenberg-schule.de/wp-content/uploads/2018/09/IMG_3357-1-e1537183532734.jpg"><img loading="lazy" decoding="async" src="http://www.claus-von-stauffenberg-schule.de/wp-content/uploads/2018/09/IMG_3357-1-1024x575.jpg" alt="" class="alignnone wp-image-8240" width="515" height="289"></a><p class="wp-caption-text"><br />Das Kollegium im Sommer 2018 auf dem neuen Schulhof</p></div></p>


<figure class="wp-block-image size-large"><a href="https://www.claus-von-stauffenberg-schule.de/wp-content/uploads/2022/10/IMG_0164-scaled.jpg"><img loading="lazy" decoding="async" width="1024" height="576" src="https://www.claus-von-stauffenberg-schule.de/wp-content/uploads/2022/10/IMG_0164-1024x576.jpg" alt="" class="wp-image-11486" srcset="https://www.claus-von-stauffenberg-schule.de/wp-content/uploads/2022/10/IMG_0164-1024x576.jpg 1024w, https://www.claus-von-stauffenberg-schule.de/wp-content/uploads/2022/10/IMG_0164-300x169.jpg 300w, https://www.claus-von-stauffenberg-schule.de/wp-content/uploads/2022/10/IMG_0164-768x432.jpg 768w, https://www.claus-von-stauffenberg-schule.de/wp-content/uploads/2022/10/IMG_0164-1536x864.jpg 1536w, https://www.claus-von-stauffenberg-schule.de/wp-content/uploads/2022/10/IMG_0164-2048x1152.jpg 2048w" sizes="auto, (max-width: 1024px) 100vw, 1024px" /></a><figcaption class="wp-element-caption">Das Kollegium der Claus-von-Stauffenberg-Schule im Herbst 2022</figcaption></figure>



<figure class="wp-block-image size-large"><a href="https://www.claus-von-stauffenberg-schule.de/wp-content/uploads/2023/11/Kollegium1-scaled.jpg"><img loading="lazy" decoding="async" width="1024" height="768" src="https://www.claus-von-stauffenberg-schule.de/wp-content/uploads/2023/11/Kollegium1-1024x768.jpg" alt="" class="wp-image-12280" srcset="https://www.claus-von-stauffenberg-schule.de/wp-content/uploads/2023/11/Kollegium1-1024x768.jpg 1024w, https://www.claus-von-stauffenberg-schule.de/wp-content/uploads/2023/11/Kollegium1-300x225.jpg 300w, https://www.claus-von-stauffenberg-schule.de/wp-content/uploads/2023/11/Kollegium1-768x576.jpg 768w, https://www.claus-von-stauffenberg-schule.de/wp-content/uploads/2023/11/Kollegium1-1536x1152.jpg 1536w, https://www.claus-von-stauffenberg-schule.de/wp-content/uploads/2023/11/Kollegium1-2048x1536.jpg 2048w" sizes="auto, (max-width: 1024px) 100vw, 1024px" /></a></figure>



<p>&#8230; im Herbst 2023</p>



<figure class="wp-block-image size-large"><a href="https://www.claus-von-stauffenberg-schule.de/wp-content/uploads/2024/10/Kollegiumsbild-scaled.jpg"><img loading="lazy" decoding="async" width="1024" height="689" src="https://www.claus-von-stauffenberg-schule.de/wp-content/uploads/2024/10/Kollegiumsbild-1024x689.jpg" alt="" class="wp-image-12963" srcset="https://www.claus-von-stauffenberg-schule.de/wp-content/uploads/2024/10/Kollegiumsbild-1024x689.jpg 1024w, https://www.claus-von-stauffenberg-schule.de/wp-content/uploads/2024/10/Kollegiumsbild-300x202.jpg 300w, https://www.claus-von-stauffenberg-schule.de/wp-content/uploads/2024/10/Kollegiumsbild-768x517.jpg 768w, https://www.claus-von-stauffenberg-schule.de/wp-content/uploads/2024/10/Kollegiumsbild-1536x1034.jpg 1536w, https://www.claus-von-stauffenberg-schule.de/wp-content/uploads/2024/10/Kollegiumsbild-2048x1378.jpg 2048w" sizes="auto, (max-width: 1024px) 100vw, 1024px" /></a></figure>



<p>&#8230; im Sommer 2024</p>



<figure class="wp-block-image size-large"><a href="https://www.claus-von-stauffenberg-schule.de/wp-content/uploads/2025/11/Kollegiumsbild-scaled.jpg"><img loading="lazy" decoding="async" width="1024" height="461" src="https://www.claus-von-stauffenberg-schule.de/wp-content/uploads/2025/11/Kollegiumsbild-1024x461.jpg" alt="" class="wp-image-13665" srcset="https://www.claus-von-stauffenberg-schule.de/wp-content/uploads/2025/11/Kollegiumsbild-1024x461.jpg 1024w, https://www.claus-von-stauffenberg-schule.de/wp-content/uploads/2025/11/Kollegiumsbild-300x135.jpg 300w, https://www.claus-von-stauffenberg-schule.de/wp-content/uploads/2025/11/Kollegiumsbild-768x346.jpg 768w, https://www.claus-von-stauffenberg-schule.de/wp-content/uploads/2025/11/Kollegiumsbild-1536x692.jpg 1536w, https://www.claus-von-stauffenberg-schule.de/wp-content/uploads/2025/11/Kollegiumsbild-2048x922.jpg 2048w" sizes="auto, (max-width: 1024px) 100vw, 1024px" /></a></figure>



<p>&#8230; im Herbst 2025 zusammen mit Eltern- und Schülervetretern und -vetreterinnen.</p>

<p>Über 60 Lehrerinnen und Lehrer werden an unserer Schule von mehreren Referendaren und auch abgeordneten Lehrkräften von anderen Schulen im Umkreis unterstützt. &#8230; im Herbst 2023 &#8230; im Sommer 2024 &#8230; im Herbst 2025 zusammen mit Eltern- und Schülervetretern und -vetreterinnen.</p>
