{"id":7012,"date":"2017-08-15T13:18:39","date_gmt":"2017-08-15T11:18:39","guid":{"rendered":"http:\/\/www.claus-von-stauffenberg-schule.de\/?page_id=7012"},"modified":"2023-12-14T13:40:51","modified_gmt":"2023-12-14T12:40:51","slug":"beratungslehrer","status":"publish","type":"page","link":"https:\/\/www.claus-von-stauffenberg-schule.de\/?page_id=7012","title":{"rendered":"Beratungslehrer"},"content":{"rendered":"<div class=\"wp-block-pdfemb-pdf-embedder-viewer\"><a href=\"https:\/\/www.claus-von-stauffenberg-schule.de\/wp-content\/uploads\/2022\/10\/Das-Beratungsteam-der-CvSS-2022.pdf\" class=\"pdfemb-viewer\" style=\"\" data-width=\"max\" data-height=\"max\" data-toolbar=\"bottom\" data-toolbar-fixed=\"off\">Das-Beratungsteam-der-CvSS-2022<\/a><\/div>\n<p class=\"wp-block-pdfemb-pdf-embedder-viewer\"><\/p>\n\n\n\n<h2 class=\"wp-block-heading\">Schulseelsorge<\/h2>\n\n\n\n<p>Leider l\u00e4uft nicht immer alles so glatt, wie man es sich w\u00fcnscht. Deshalb bin ich, Frau Djukic, als Schulseelsorgerin der Claus-von-Stauffenberg-Schule f\u00fcr Dich in allen kleinen und gro\u00dfen N\u00f6ten, die das Leben so mit sich bringt, da. Wenn Du Sorgen, Probleme, \u00c4ngste oder Fragen hast, wenn Du ein offenes Ohr, Rat oder eine Begleitung in einer schwierigen Lebens\u00adlage brauchst, nehme ich mir die Zeit f\u00fcr Dich. Gemeinsam suchen wir nach L\u00f6sungs\u00adwegen.<\/p>\n\n\n\n<p>Ich unterstehe der seelsorgerlichen Schweigepflicht, also sind alle Gespr\u00e4che absolut vertraulich.<\/p>\n\n\n\n<p>Die Schulseelsorge ist nicht gebunden an eine Religion, Konfession oder eine Kirchenzu\u00adge\u00adh\u00f6rig\u00adkeit.<\/p>\n\n\n\n<p>Ihr k\u00f6nnt mich bei Bedarf jeder Zeit ansprechen, mir eine Nachricht in mein Fach legen oder anschreiben unter:<\/p>\n\n\n\n<p><a class=\"mailto-link\" href=\"mailto:melanie.djukic@cvss.de\" target=\"_blank\" rel=\"noopener noreferrer\">melanie.djukic@cvss.de<\/a><\/p>\n\n\n\n<h2 class=\"wp-block-heading\">Vertrauenslehrkraft<\/h2>\n\n\n\n<p>Jede Sch\u00fclerIn kann sich bei als ungerecht empfundener Behandlung (oder Beurteilung) und bei pers\u00f6nlichen oder famili\u00e4ren Problemen an die, von den Sch\u00fclerInnen gew\u00e4hlten, VertrauenslehrerInnen <span><\/span><\/p>\n\n\n\n<p>Andreas Lotz und Hannah Windau-Kemmerer<\/p>\n\n\n\n<p>wenden.<\/p>\n\n\n\n<p><a class=\"mailto-link\" href=\"mailto:melanie.djukic@cvss.de\" target=\"_blank\" rel=\"noopener noreferrer\">andreas.lotz@cvss.de<\/a><\/p>\n\n\n\n<p><a href=\"mailto:hannah.windau-kemmerer@cvss.de\" target=\"_blank\" rel=\"noreferrer noopener\">hannah.windau-kemmerer@cvss.de<\/a><\/p>\n\n\n\n<p><\/p>\n\n\n\n<h2 class=\"wp-block-heading\">Drogenberatung<\/h2>\n\n\n\n<p>Unser Drogenbeauftragter ist Herr Ites. Bei Problemen und Sorgen zu diesem Themenkomplex k\u00f6nnen die Sch\u00fclerinnen und Sch\u00fcler sich jederzeit vertrauensvoll an ihn wenden.<\/p>\n\n\n\n<p><a href=\"mailto:dirk.ites@cvss.de\" target=\"_blank\" rel=\"noreferrer noopener\">dirk.ites@cvss.de<\/a><\/p>\n\n\n\n<p><\/p>\n\n\n\n<h2 class=\"wp-block-heading\">Schullaufbahnberatung<\/h2>\n\n\n\n<p>Bei Fragen zur Schullaufbahn, wie z.B. Fachabitur, Mindestpunktzahlen f\u00fcr die Zulassung bzw. dem Bestehen des Abiturs und Weiterem steht Frau Kn\u00f6tzele zur Verf\u00fcgung.<\/p>\n\n\n\n<p><a href=\"mailto:birgit.knoetzele@cvss.de\" target=\"_blank\" rel=\"noreferrer noopener\">birgit.knoetzele@cvss.de<\/a><\/p>\n\n\n\n<p><\/p>\n","protected":false},"excerpt":{"rendered":"<p>Schulseelsorge Leider l\u00e4uft nicht immer alles so glatt, wie man es sich w\u00fcnscht. Deshalb bin ich, Frau Djukic, als Schulseelsorgerin der Claus-von-Stauffenberg-Schule f\u00fcr Dich in allen kleinen und gro\u00dfen N\u00f6ten, die das Leben so mit sich bringt, da. Wenn Du Sorgen, Probleme, \u00c4ngste oder Fragen hast, wenn Du ein offenes [&hellip;]<\/p>\n","protected":false},"author":1,"featured_media":0,"parent":23,"menu_order":73,"comment_status":"closed","ping_status":"closed","template":"","meta":{"ngg_post_thumbnail":0,"_themeisle_gutenberg_block_has_review":false,"footnotes":""},"class_list":["post-7012","page","type-page","status-publish","hentry"],"_links":{"self":[{"href":"https:\/\/www.claus-von-stauffenberg-schule.de\/index.php?rest_route=\/wp\/v2\/pages\/7012","targetHints":{"allow":["GET"]}}],"collection":[{"href":"https:\/\/www.claus-von-stauffenberg-schule.de\/index.php?rest_route=\/wp\/v2\/pages"}],"about":[{"href":"https:\/\/www.claus-von-stauffenberg-schule.de\/index.php?rest_route=\/wp\/v2\/types\/page"}],"author":[{"embeddable":true,"href":"https:\/\/www.claus-von-stauffenberg-schule.de\/index.php?rest_route=\/wp\/v2\/users\/1"}],"replies":[{"embeddable":true,"href":"https:\/\/www.claus-von-stauffenberg-schule.de\/index.php?rest_route=%2Fwp%2Fv2%2Fcomments&post=7012"}],"version-history":[{"count":10,"href":"https:\/\/www.claus-von-stauffenberg-schule.de\/index.php?rest_route=\/wp\/v2\/pages\/7012\/revisions"}],"predecessor-version":[{"id":12350,"href":"https:\/\/www.claus-von-stauffenberg-schule.de\/index.php?rest_route=\/wp\/v2\/pages\/7012\/revisions\/12350"}],"up":[{"embeddable":true,"href":"https:\/\/www.claus-von-stauffenberg-schule.de\/index.php?rest_route=\/wp\/v2\/pages\/23"}],"wp:attachment":[{"href":"https:\/\/www.claus-von-stauffenberg-schule.de\/index.php?rest_route=%2Fwp%2Fv2%2Fmedia&parent=7012"}],"curies":[{"name":"wp","href":"https:\/\/api.w.org\/{rel}","templated":true}]}}